p + 99205 + 118403. What is the remainder when p is divided by w?
0
What is the remainder when 1/(-14) + (-471295)/(-770) is divided by 12?
0
Suppose 10*j - 9*j = -4*n - 11, -32 = 4*j + 4*n. Let g(h) = h**2 - 7*h - 64. Calculate the remainder when g(j) is divided by 7.
6
Suppose n + n - 1 = -3*d, 12 = -2*d + 5*n. Let g be (132/(-99))/((-1)/(-6)*d). Calculate the remainder when 2 is divided by (-6 + g)/2*(-2)/(-2).
0
Let c(g) = g**2 - 12*g + 2. Let l be c(3). Calculate the remainder when 51 is divided by (-10)/(-2)*(-30)/l.
3
Suppose 0 = 7*a - 4 - 31. Suppose a*y - 136 - 39 = 0. Calculate the remainder when 183 is divided by y.
8
Let c(j) = -j**2 - j - 2. Let p(a) = -3*a**2 + a - 28. Let n(b) = -4*c(b) + p(b). Let i = -27 - -41. Calculate the remainder when i is divided by n(3).
2
Suppose 2*w = -4*a + 1312, 125*w - 1653 = -5*a + 129*w. Calculate the remainder when 708 is divided by a.
50
Let g = 6495 - 6305. Calculate the remainder when 1152 is divided by g.
12
Let z(s) = 21*s**2 + 2767*s + 75. What is the remainder when z(-132) is divided by 128?
95
Suppose -2*l + 3*r + 19 = 2*r, -3*l = -2*r - 26. Suppose 4*y + 3*n = 3*y + 11, y - l = -4*n. What is the remainder when 87 is divided by y?
7
Let p = 119 - -98. Suppose -11*y + 3118 = 731. Suppose 4*j = 2*c - 110, 52 = -3*c + 4*j + y. What is the remainder when p is divided by c?
52
Suppose -2*i = -5*i. Let a = 92 + -78. Let k = i + a. Calculate the remainder when 25 is divided by k.
11
Let w(q) = 8*q - 45. Let y be w(6). Suppose 5*c - 38 = -d - 2*d, -70 = -4*d + y*c. Calculate the remainder when 24 is divided by d.
8
Suppose 961 = 5*c + 6*c - 5694. What is the remainder when 1816 is divided by c?
1
Let b(r) = -45*r**3 - 8*r**2 - 11*r - 5. Calculate the remainder when 1546 is divided by b(-1).
41
Let p = 13 - 4. Let f(t) = 2*t + 1. Let z be f(p). What is the remainder when 21 is divided by 1 - (z/(-2) - 9/6)?
9
Let v(d) = d**3 - 12*d**2 + 9*d - 12. Let h be v(11). Let y = 308 + -321. Let p = y - h. Calculate the remainder when 27 is divided by p.
6
Let l = -203 + 205. Calculate the remainder when (l - -186) + (4 - (1 - 0)) is divided by 32.
31
Let b(j) = -j**2 + 9*j - 14. Let i be b(4). Let v = i - 1. Suppose v*c - 540 = 5. Calculate the remainder when c is divided by 22.
21
Suppose 3*p - 127*v - 60 = -130*v, -110 = -5*p + 5*v. Suppose -5*h = 2*f - 512, 3*f + f + 120 = h. What is the remainder when h is divided by p?
20
Suppose 0 = -3*c - 0*i - i - 865, -2*c - 5*i = 568. Let q = 423 + c. Let r = q - 78. Calculate the remainder when 221 is divided by r.
53
Suppose n = 33 + 27. Let i = 2866 - 2689. Calculate the remainder when i is divided by n.
57
Suppose 1374 = -163*g + 21950 + 13165. Calculate the remainder when 2686 is divided by g.
202
Let w(b) = -4*b + 11. Let g be -3 + (-7)/((-14)/(-6)). Suppose 4*o - 4 - 64 = 5*t, 2*o - 32 = 2*t. What is the remainder when w(g) is divided by o?
11
Let j(p) = -198*p + 8528. Suppose -s = -2*q - 5, s = -2*s + 15. Calculate the remainder when q + 21 + 1 + 1 is divided by j(43).
9
Let t(n) = -4*n - 14. Let x be t(-8). Calculate the remainder when 56 is divided by (-6)/x + 245/15.
8
Let j = 2209 - 2030. Calculate the remainder when 545 is divided by j.
8
Let a(k) = 289*k + 2498. What is the remainder when a(-8) is divided by 18?
6
Suppose -9*i - 68 + 599 = 0. Calculate the remainder when 235 is divided by i.
58
Suppose 172 = -5*j - 4*p + 191, -4*j - 4*p + 12 = 0. What is the remainder when 16 is divided by j?
2
Let x be (2 - 12/(-4)) + -5 - -2. Suppose x*i + 27 = 49. Calculate the remainder when 11 is divided by i.
0
Suppose 120*n + 30 = 7470. What is the remainder when 228 is divided by n?
42
Suppose -68 = -6*l + 22. Let u = l + 107. What is the remainder when u is divided by 21?
17
Let x = -8063 - -8111. What is the remainder when 734 is divided by x?
14
Let y(c) = -15*c + 81. Let g be y(17). Let t = -142 - g. Suppose 67 = z - 25. Calculate the remainder when z is divided by t.
28
Calculate the remainder when (5/1 - (-10 - -11)) + 172 is divided by 168.
8
Let r be -3 + -3 + 4 + -4. Let x be (16/r)/(6/(-108)). Suppose 5*a = 13*a - x. Calculate the remainder when a is divided by 2.
0
Let w be (-1)/(2/(-6 + -16)). Let p(a) = 13*a + 64. Calculate the remainder when p(w) is divided by 30.
27
Let a(c) = c**3 - 28*c**2 + 211*c - 7. Calculate the remainder when 5882 is divided by a(14).
198
Let w(p) = -16*p - 122. Let v be w(-8). Let c(y) = y**2 + 5*y + 8. What is the remainder when 1*(22 + v - 3) is divided by c(-6)?
11
Let f = -215 + 230. Suppose -3*v - 2*p + 62 = 0, f - 116 = -4*v + p. What is the remainder when 153 is divided by v?
9
What is the remainder when (-27)/(-18) + 684/24 is divided by (34/4)/(5/10)?
13
Let o = 23 - -36. Let k = o - 100. Let p = 42 + k. Calculate the remainder when 2 is divided by p.
0
Suppose 4*b = 3*n - 1, -7*n = -12*n + 5*b + 10. Suppose 0 = n*u - u - 126. What is the remainder when 101 is divided by u?
17
Let k = 15796 + -15512. What is the remainder when 10223 is divided by k?
283
Suppose -469 = -394*y + 338*y + 427. Calculate the remainder when 872 is divided by y.
8
Let g(a) = 386*a + 1991. What is the remainder when 133 is divided by g(-5)?
11
Suppose 8*n - 5*x + 88 = 9*n, 2*n = -3*x + 204. What is the remainder when n*((-63)/27 + (-6)/(-2)) is divided by 15?
12
Let g(w) = w**3 + 2*w**2 - 3*w - 4. Let k be g(-2). Suppose 22 = k*c - 52. Calculate the remainder when 0/(-2) + (c - 14) is divided by 13.
10
Let j = -3525 + 3641. Let i = 50 - 29. Calculate the remainder when j is divided by -1 + i + -5 + 2.
14
Suppose -b = 2*y - 8, -2*y - 8 - 20 = -5*b. Suppose b*h - 16 = -52. Let q = -3 - h. Calculate the remainder when q is divided by 1.
0
What is the remainder when (832/(-3))/2*(-60)/20 is divided by 129?
29
Calculate the remainder when (-126)/(-26) - 5 - (-192320)/832 is divided by ((-1)/1)/(5/(-130)).
23
Let u(a) = -a**2 + 47*a - 427. What is the remainder when 119 is divided by u(14)?
14
Calculate the remainder when (3354/117)/(0 + (-2)/(-45)) is divided by 204.
33
Let g = 8207 - 7119. Calculate the remainder when g is divided by 181.
2
Suppose -58*p + 1065 + 327 = 0. Suppose -3*t + 34 = -179. Calculate the remainder when t is divided by p.
23
Suppose 0 = -2*s - 10, -3*q - 4*s + 742 = 291. Suppose 2*k - 2*r = 56, -3*k + r = -5*k + 65. Let j = 51 - k. Calculate the remainder when q is divided by j.
17
Suppose -10397 - 15939 = -4*h. Let z be 3/9 + (h/12 - 1). Suppose 138 + z = 7*y. What is the remainder when y is divided by 26?
20
Let k(g) = -g**2 - 4 + 2*g**2 - 5. What is the remainder when k(-8) is divided by (190/(-35)*-1)/((6/7)/3)?
17
Let b(j) be the third derivative of j**5/20 - j**4/8 - j**3/2 + 13*j**2. Let c be b(3). Suppose -c = -31*x + 26*x. What is the remainder when 8 is divided by x?
2
Suppose -4*f + 216 = -2*t, -3*t + 41 + 195 = 4*f. What is the remainder when f is divided by 1/(-10) + (18 - 177/30)?
8
Let u(r) = -19*r. Suppose -80*m + 77 = 3*l - 79*m, -4*m = l - 22. What is the remainder when u(-4) is divided by l?
24
Calculate the remainder when (4/(-14) + (-135720)/(-112))/((-28)/(-56)) is divided by 101.
100
Suppose 2*y = -0*y. Let k = 12 + -7. Suppose -2*z - 2*o + 39 = -35, y = k*z + o - 165. Calculate the remainder when z is divided by 7.
4
Suppose -12*j = 3*j - 30. Suppose v = -4*m + 21, -v + j*m + 8 = -13. Calculate the remainder when 49 is divided by v.
7
Let i be -2 + (5 + -4 + -1)/(-2). Let p = 59 + i. Suppose w + 7 = l + 4*w, 5*l + 2*w = 74. What is the remainder when p is divided by l?
9
What is the remainder when ((-3700)/(-350))/(10/385) is divided by 112?
71
Let i(u) = -u**2 + 102*u - 1292. Calculate the remainder when 159 is divided by i(87).
3
Let k = 351 - 348. Suppose 142 = -i - k*y + 186, -3*i - 4*y = -127. What is the remainder when 89 is divided by i?
7
Let g = 411 + -404. Suppose -29*q = -g*q - 242. Calculate the remainder when 63 is divided by q.
8
Suppose 2*v - 4*w + 9 + 1 = 0, 2*w = -v - 9. Calculate the remainder when 179 is divided by (v - -2)/(-1 + (-6)/(-9)).
14
Suppose -18*n = -8*n - 18*n + 2640. Calculate the remainder when n is divided by 24.
18
Let b(g) = -g**2 + 12*g - 8. Suppose 8*c = 17*c - 18. Suppose c*h - 108 = -o - o, -3*h = -5*o - 170. Calculate the remainder when h is divi